{"id":2,"date":"2009-04-23T10:07:10","date_gmt":"2009-04-23T08:07:10","guid":{"rendered":"http:\/\/www.morbidvision.de\/blog\/?page_id=2"},"modified":"2014-11-03T16:23:33","modified_gmt":"2014-11-03T14:23:33","slug":"about","status":"publish","type":"page","link":"http:\/\/www.morbidvision.de\/blog\/about\/","title":{"rendered":"le morbidvision du bloqu\u00e9 chocolat"},"content":{"rendered":"<p>Ein virtuelles E-Archiv, welches Ergebnisse pers\u00f6nlicher kreativer Phasen verlustfrei und ohne Raumverschwendung konserviert und diese durchgehend zum Abruf im Internet als dauerhafte Erinnerung von individuellen sch\u00f6pferischen Momenten bereith\u00e4lt. Ungut ausgedr\u00fcckt: Schopenhauer\u00b4scher schick-a-delic Schronz, gesammelter Letterschredder angedickt mit Mundstuhl, blafaselndes Wortgem\u00f6lle und textualpenetrierende Infoschlicknester &#8211; direkt aufs digitale Papier erbrochen.<\/p>\n<p>Nyx fragt Murakami411: &#8222;Wie kommst du eigentlich auf diesen ganzen Unsinn?&#8220; Murakami411: &#8222;Das flie\u00dft einfach so bei mir raus, wie bei Frauen das Blut. Der Blog ist mein Tampon.&#8220;<\/p>\n","protected":false},"excerpt":{"rendered":"<p>Ein virtuelles E-Archiv, welches Ergebnisse pers\u00f6nlicher kreativer Phasen verlustfrei und ohne Raumverschwendung konserviert und diese durchgehend zum Abruf im Internet als dauerhafte Erinnerung von individuellen sch\u00f6pferischen Momenten bereith\u00e4lt. Ungut ausgedr\u00fcckt: Schopenhauer\u00b4scher schick-a-delic Schronz, gesammelter Letterschredder angedickt mit Mundstuhl, blafaselndes Wortgem\u00f6lle und textualpenetrierende Infoschlicknester &#8211; direkt aufs digitale Papier erbrochen. Nyx fragt Murakami411: &#8222;Wie kommst du&#8230;<\/p>\n","protected":false},"author":4,"featured_media":0,"parent":0,"menu_order":0,"comment_status":"open","ping_status":"open","template":"","meta":{"footnotes":""},"class_list":["post-2","page","type-page","status-publish","hentry"],"_links":{"self":[{"href":"http:\/\/www.morbidvision.de\/blog\/wp-json\/wp\/v2\/pages\/2","targetHints":{"allow":["GET"]}}],"collection":[{"href":"http:\/\/www.morbidvision.de\/blog\/wp-json\/wp\/v2\/pages"}],"about":[{"href":"http:\/\/www.morbidvision.de\/blog\/wp-json\/wp\/v2\/types\/page"}],"author":[{"embeddable":true,"href":"http:\/\/www.morbidvision.de\/blog\/wp-json\/wp\/v2\/users\/4"}],"replies":[{"embeddable":true,"href":"http:\/\/www.morbidvision.de\/blog\/wp-json\/wp\/v2\/comments?post=2"}],"version-history":[{"count":0,"href":"http:\/\/www.morbidvision.de\/blog\/wp-json\/wp\/v2\/pages\/2\/revisions"}],"wp:attachment":[{"href":"http:\/\/www.morbidvision.de\/blog\/wp-json\/wp\/v2\/media?parent=2"}],"curies":[{"name":"wp","href":"https:\/\/api.w.org\/{rel}","templated":true}]}}